 -h**2 - h + 20. Suppose o + 4*o + 20 = 0. Let b be 0/(3 + 2 + o). What are the prime factors of j(b)?
2, 5
Let a(p) = -p**3 - 4*p**2 + 6*p - 5. Let j be a(-5). Let q(z) = z**3 + 10*z**2 + z + 8. Let u be q(j). List the prime factors of 0/u + -1 - -7.
2, 3
Suppose 5*i - 35 = -4*n + 2*n, 2*i + 4*n - 30 = 0. Suppose 0*j + 2*z = -j + 4, z = -j + i. What are the prime factors of j?
2, 3
Suppose -4*u + 1 = -7. Let y be (1/u)/(3/(-12)). What are the prime factors of (1/y)/((-3)/24)?
2
Suppose 0 = 2*p + 3*g - 238, -9*g + 4*g + 476 = 4*p. List the prime factors of p.
7, 17
Suppose -2*z = 4*t - 64, 0 = 3*z - 2*t + t - 103. Suppose -38 = -2*k + z. Suppose d + 2*d - k = 0. List the prime factors of d.
2, 3
Let h(u) = u**2 - u - 2. What are the prime factors of h(-3)?
2, 5
Let d(p) = -41*p + 4. What are the prime factors of d(-3)?
127
Suppose 6*k - 4*k = 4*j - 34, 5*k = 5*j - 65. Suppose a + 4 = -18. Let t = k - a. What are the prime factors of t?
13
Suppose 2 = -2*o, 6*z + 4*o - 96 = z. What are the prime factors of z?
2, 5
Let i(t) = -t**3 + 6*t**2 + 5*t - 6. What are the prime factors of i(6)?
2, 3
Suppose 0 = -0*t + 4*t - 12. Suppose -t*x = -4*x + 4. List the prime factors of (x - 2)*10/4.
5
Let i = -9 + 15. Let g(b) = b**2 - 5*b. List the prime factors of g(i).
2, 3
Let u(r) = -r**3 - 6*r**2 - 3*r - 5. Let j(z) = -z**3 - 4*z**2 + 2*z + 4. Let w be j(-4). Let o be u(w). Let s = o - -44. What are the prime factors of s?
19
Let k = -10 + 121. List the prime factors of k.
3, 37
Let a be -1 + 0 + 4/4. Suppose -5*y + 130 = -a*y. What are the prime factors of y?
2, 13
Suppose -4*i - r + 17 = 0, -5*i + 13 + 4 = -3*r. Suppose 0 = -i*l + 2*z + 24, 3*l - 8 = z + 10. Suppose 0 = 5*v - 19 - l. What are the prime factors of v?
5
Let v = 27 - 5. Suppose v = 3*m - 8. What are the prime factors of m?
2, 5
Let q(z) = -3 - 2 - 2*z + 5. List the prime factors of q(-2).
2
List the prime factors of (4/8 - (-9)/6) + 45.
47
Let c = 13 - 8. Suppose v - 2*p = -2*v + 10, -3*v + c*p = -25. Suppose v*s - 28 = -2*s. List the prime factors of s.
2, 7
What are the prime factors of 2/4*8*(-53)/(-2)?
2, 53
Let t(z) = -4*z - 3. Suppose 0 = -4*y - 17 - 11. What are the prime factors of t(y)?
5
Let n = 516 + -323. Suppose -5*x = q + 2*q - 166, -n = -4*q - x. What are the prime factors of q?
47
Let h be 30/(-25)*(-40)/(-6). What are the prime factors of (-20)/h*16/5?
2
Suppose -4*m + 10*m = 108. List the prime factors of m.
2, 3
Suppose 3*i + 168 - 937 = -2*k, 4*i + 4*k = 1024. List the prime factors of i.
257
Let j(x) = 20*x - 4. List the prime factors of j(2).
2, 3
Let y(s) = 20*s**2 + 8*s + 3. List the prime factors of y(-2).
67
Let r(i) = i**3 - 3*i**2 - 4*i + 3. Let x be r(4). Let w = x - -16. What are the prime factors of w?
19
Let z(d) = -9*d + 17. List the prime factors of z(-18).
179
Let b = -16 - -34. Let o = 29 - b. Suppose -o + 36 = 5*l. What are the prime factors of l?
5
Suppose 2*g - 30 - 2 = 0. Suppose 3*y = 2*y - 4*w - g, 4*w + 32 = 3*y. What are the prime factors of y?
2
Suppose 84 = t + o + o, 350 = 4*t + o. Suppose -3*d - 2*m = -t, -d - d + 62 = -2*m. What are the prime factors of d?
2, 3, 5
What are the prime factors of ((-10)/(-75)*-51)/(2/(-20))?
2, 17
Let b(x) = 4*x**2 - 5*x + 8. What are the prime factors of b(5)?
83
Let j(f) = 7*f**2 + 5*f + 9. What are the prime factors of j(-4)?
101
Let v = -44 - -87. List the prime factors of v.
43
Let y = 5 + 111. Suppose -3*t + y = -5*j, -16 - 128 = -5*t - 4*j. Let d = -17 + t. What are the prime factors of d?
3, 5
Let h = 5 - 3. Suppose -8 = h*j, 0 = c + 5*j + 1 + 11. What are the prime factors of c?
2
Suppose -393 + 45 = -m. What are the prime factors of m?
2, 3, 29
Suppose 4*o = 2*o + 78. Let l = -27 + o. List the prime factors of l.
2, 3
Suppose 2*l + 8 = -0. Let s(m) = -3*m - 3*m - 3*m + 7*m. List the prime factors of s(l).
2
Suppose 0 = 6*k - 2*k - 16. Let y be (30/20)/(2/k). What are the prime factors of y - (2 + -2 - 17)?
2, 5
Suppose 6 = -3*f + 4*f. Let p = 5 - 4. Let o = f + p. List the prime factors of o.
7
Let n(o) = 28*o**2 - 12. What are the prime factors of n(3)?
2, 3, 5
Let j(d) = 30*d**2 - d + 1. Let g(h) = h + 5. Let c be g(-4). List the prime factors of j(c).
2, 3, 5
Suppose 9*c + 246 = 12*c. Suppose -2*q - 119 = -3*l, -2*l + 2*q + 2*q = -c. List the prime factors of l.
3, 13
Suppose 2*q - q - 1 = i, -4*q - 8 = 2*i. What are the prime factors of 2 + (i - -2) - -1?
3
Suppose 0 = -3*u - 0*u. Suppose -3*o - 13 = -p, u = 4*p + 4*o - 71 - 45. What are the prime factors of p?
5
Suppose -2*j = -7*j + 140. What are the prime factors of j?
2, 7
Let v = 6 - 6. List the prime factors of 17*(1 + v)*1.
17
Let z(k) = -21*k + 1. Let h be z(-4). Suppose 2*p = -3*p + h. What are the prime factors of p?
17
Let v = -15 - -76. Let g = v + -12. What are the prime factors of g?
7
Let q = 83 + -38. What are the prime factors of q?
3, 5
Let t = -135 + 191. What are the prime factors of t?
2, 7
Suppose 7*g = 4*g + 60. What are the prime factors of g?
2, 5
Let g(l) be the third derivative of l**2 + 0*l**3 + 0 + 1/24*l**4 + 0*l. What are the prime factors of g(2)?
2
Let r(q) be the second derivative of 7/2*q**2 + 0 - 1/12*q**4 - q + 5/6*q**3. What are the prime factors of r(5)?
7
Let w(q) = -q**3 - 4*q**2 - 3*q + 4. Let c(y) = -y**3 - y + 1. Let x(z) = 2*c(z) - w(z). What are the prime factors of x(3)?
2, 5
Suppose 2*v - 3*v = 2. Let i be 3/(v - (-158)/76). List the prime factors of -3 - i/(1 + -3).
2
Let o be (220/12)/((-2)/6). Let a = o + 96. List the prime factors of a.
41
Let p(s) = s**2 - 8*s - 14. List the prime factors of p(10).
2, 3
Suppose -2*h + 0*h + 6 = 0. Suppose -h*w - 10 = -c, 2*c + 4 = c - 4*w. What are the prime factors of c?
2
Suppose 20 = 2*x - 5*f, 9 = 5*x + f - 14. Suppose 0 = -0*u - x*u + 135. What are the prime factors of u?
3
Let o(l) be the first derivative of -l**4/4 - l**3 + 3*l**2/2 + 4. What are the prime factors of o(-4)?
2
Let b = 1 - -3. Let g = b - 1. List the prime factors of g.
3
Let x be (-14)/(-6) + 3/(-9). Suppose -2*n + 0*a + 32 = -4*a, 3*n - x*a = 44. List the prime factors of n.
2, 7
Suppose 3*i - 6 - 3 = 0, 2*i + 42 = 2*w. List the prime factors of w.
2, 3
Let v = -2319 - -1281. List the prime factors of v/(-42) + 4/14.
5
Let v(d) = -2*d**3 - 3*d**2 - 4*d - 2. Let g be v(-2). Suppose 2*p + y = -y + g, -4*p + 20 = -3*y. What are the prime factors of p?
5
Suppose -5*k = u + 9, 2*u = -4*k - 0*k - 6. Let c(f) = 16*f**2 + 1. List the prime factors of c(u).
17
Suppose 0 = -i + 5 - 0. Suppose l + i*s = -9, 6*s + 49 = 3*l + 2*s. What are the prime factors of l?
11
Suppose -4*f + 37 + 15 = 0. Suppose 0*t - t - f = 5*q, 5*t - 65 = q. What are the prime factors of t?
2, 3
Suppose 6 = -2*f - 0. Let l(o) = -o**3 - 4*o**2 - 5*o - 2. List the prime factors of l(f).
2
Let w(y) = -y**3 - 5*y**2 - 2*y + 1. Let n be w(-2). Let b(k) = k**3 + 6*k**2 - 7*k + 7. List the prime factors of b(n).
7
Suppose -3*p - 2*p = 10, -3*r + 14 = 2*p. Suppose k = 0, -r - 42 = -4*l - k. What are the prime factors of l?
2, 3
Suppose v = 64 - 13. List the prime factors of v.
3, 17
Let u = -39 - -65. Suppose -u*x = -25*x - 33. What are the prime factors of x?
3, 11
Suppose -20 = -5*i + 4*a + a, -5*i - 5*a = 0. What are the prime factors of (2 - 2)/1 + i?
2
Let p(b) = b**2 - 7*b + 4. Suppose 3*s - 20 = 10. List the prime factors of p(s).
2, 17
Let a(m) = m**2 - m. Let x be a(0). Suppose x = -2*r - 7 + 17, 81 = 4*z + 5*r. What are the prime factors of z?
2, 7
Let a(y) = 4*y - 8. Let f(i) = -7*i + 15. Let u(j) = -10*a(j) - 6*f(j). Let w be u(11). List the prime factors of w/(1 + 3 + -2).
2, 3
Suppose 6*j = 2*j - 3*n + 84, 4*n = 5*j - 74. Let p be 2/9 - (-50)/j. Suppose 0 = -3*h - d + 21, 3*h - p*d - 15 = -h. What are the prime factors of h?
2, 3
List the prime factors of (-152)/(-16) - (-2)/4.
2, 5
Let q(x) = 9*x. Let i be q(-2). Let s be (1 - i/3) + 2. Suppose 4*u = 5*n - 15, -5*n + s + 6 = 3*u. What are the prime factors of n?
3
Let f be (3/(-6))/(2/(-12)). Suppose f*c = 4*c - 14. What are the prime factors of c?
2, 7
Let h(v) = 3*v**3 - 2*v**2 + 4*v. Let r(l) = -16*l**3 + 9*l**2 - 20*l - 1. Let n(j) = -11*h(j) - 2*r(j). List the prime factors of n(2).
2
Suppose 4*v - 71 - 89 = 0. List the prime factors of v.
2, 5
Suppose 0*h = 